d by 308127.
13
What is the remainder when 1780252 is divided by 128?
28
What is the remainder when 7699462 is divided by 8139?
8107
Calculate the remainder when 1838279 is divided by 759.
740
What is the remainder when 182502 is divided by 15159?
594
What is the remainder when 526985 is divided by 796?
33
Calculate the remainder when 273557141 is divided by 4483.
4481
What is the remainder when 23326 is divided by 5792?
158
What is the remainder when 664182 is divided by 41508?
54
Calculate the remainder when 995998 is divided by 82886.
1366
Calculate the remainder when 542320 is divided by 180767.
19
Calculate the remainder when 39331 is divided by 7765.
506
What is the remainder when 27354446 is divided by 258?
254
Calculate the remainder when 43380 is divided by 20855.
1670
Calculate the remainder when 15044701 is divided by 16.
13
What is the remainder when 408023 is divided by 25501?
7
What is the remainder when 1574450510 is divided by 21?
17
What is the remainder when 646619 is divided by 95?
49
Calculate the remainder when 1489648 is divided by 496.
160
Calculate the remainder when 252971 is divided by 510.
11
Calculate the remainder when 2829085 is divided by 2005.
30
Calculate the remainder when 2079557 is divided by 519781.
433
Calculate the remainder when 270980 is divided by 90091.
707
What is the remainder when 22214 is divided by 7056?
1046
What is the remainder when 126683 is divided by 8969?
1117
What is the remainder when 655755 is divided by 217261?
3972
Calculate the remainder when 126558 is divided by 1765.
1243
What is the remainder when 174798909 is divided by 1430?
1429
What is the remainder when 2018419 is divided by 54?
7
What is the remainder when 364010 is divided by 22?
20
Calculate the remainder when 47995693 is divided by 47995687.
6
What is the remainder when 9489154 is divided by 1869?
241
What is the remainder when 5369236 is divided by 3109?
3102
What is the remainder when 55601926 is divided by 2417474?
24
Calculate the remainder when 2230737 is divided by 9615.
57
Calculate the remainder when 831156 is divided by 63.
60
What is the remainder when 8930816 is divided by 50?
16
Calculate the remainder when 12451771 is divided by 12451763.
8
What is the remainder when 90550 is divided by 45262?
26
Calculate the remainder when 97425 is divided by 2486.
471
Calculate the remainder when 431701 is divided by 366.
187
What is the remainder when 5019276 is divided by 68?
60
Calculate the remainder when 2493154 is divided by 248.
10
What is the remainder when 667226 is divided by 1311?
1238
Calculate the remainder when 197779119 is divided by 1655.
1654
What is the remainder when 53697 is divided by 563?
212
Calculate the remainder when 3979638 is divided by 63.
54
What is the remainder when 99873815 is divided by 254?
253
Calculate the remainder when 217124 is divided by 96.
68
Calculate the remainder when 90313 is divided by 11238.
409
Calculate the remainder when 5318787 is divided by 3648.
3
What is the remainder when 82878280 is divided by 1182?
1168
Calculate the remainder when 91603 is divided by 2759.
556
Calculate the remainder when 762326 is divided by 1873.
15
What is the remainder when 118156055 is divided by 253?
248
What is the remainder when 488021 is divided by 5031?
14
Calculate the remainder when 423807 is divided by 13633.
1184
Calculate the remainder when 1841320 is divided by 4743.
1036
What is the remainder when 18203330 is divided by 9101663?
4
Calculate the remainder when 39277179 is divided by 2127.
2124
Calculate the remainder when 168809 is divided by 168718.
91
What is the remainder when 56984 is divided by 671?
620
What is the remainder when 43263924 is divided by 71629?
8
What is the remainder when 576858 is divided by 144210?
18
What is the remainder when 4059 is divided by 3278?
781
Calculate the remainder when 1263352 is divided by 57405.
442
What is the remainder when 456219 is divided by 225564?
5091
What is the remainder when 14377405 is divided by 7904?
29
Calculate the remainder when 11900415 is divided by 1408.
1407
Calculate the remainder when 1554115 is divided by 3.
1
Calculate the remainder when 40005385 is divided by 277.
214
Calculate the remainder when 54235355 is divided by 84.
83
Calculate the remainder when 50842 is divided by 25351.
140
Calculate the remainder when 212361 is divided by 16.
9
Calculate the remainder when 20517638 is divided by 5019.
4985
What is the remainder when 223333 is divided by 317?
165
What is the remainder when 535429 is divided by 860?
509
Calculate the remainder when 167579 is divided by 40566.
5315
Calculate the remainder when 263237 is divided by 2225.
687
Calculate the remainder when 20114943 is divided by 28.
23
Calculate the remainder when 9098607 is divided by 1299724.
539
What is the remainder when 1512897 is divided by 2984?
9
Calculate the remainder when 26850 is divided by 13049.
752
What is the remainder when 5896230 is divided by 1477?
46
Calculate the remainder when 1260298 is divided by 63009.
118
Calculate the remainder when 37138923 is divided by 56.
3
What is the remainder when 4818 is divided by 3834?
984
What is the remainder when 8379131 is divided by 21?
5
Calculate the remainder when 5304112 is divided by 501.
25
Calculate the remainder when 20679808 is divided by 10339903.
2
Calculate the remainder when 50620 is divided by 4576.
284
Calculate the remainder when 6394004 is divided by 101.
98
What is the remainder when 2654719 is divided by 21409?
3
Calculate the remainder when 5375650 is divided by 1075130.
0
Calculate the remainder when 7467194 is divided by 202.
62
Calculate the remainder when 11659186 is divided by 10886.
280
Calculate the remainder when 36370632 is divided by 396.
12
Calculate the remainder when 92189 is divided by 30682.
143
What is the remainder when 9997 is divided by 4619?
759
What is the remainder when 431502787 is divided by 14?
9
Calculate the remainder when 28206 is divided by 3459.
534
What is the remainder when 69450558 is divided by 131?
122
Calculate the remainder when 723079 is divided by 73.
14
What is the remainder when 3076536 is divided by 1134?
1128
Calculate the remainder when 37005 is divided by 7383.
90
Calculate the remainder when 691116410 is divided by 5212.
5210
What is the remainder when 634740 is divided by 45331?
106
What is the remainder when 16160632 is divided by 2693438?
4
What is the remainder when 1396175 is divided by 66484?
11
What is the remainder when 75576654 is divided by 1432?
1422
What is the remainder when 2015920 is divided by 2796?
4
Calculate the remainder when 51859 is divided by 16623.
1990
Calculate the remainder when 548875709 is divided by 77.
74
What is the remainder when 48565467 is divided by 211?
19
Calculate the remainder when 339145174 is divided by 1506.
1504
What is the remainder when 993551 is divided by 786?
47
Calculate the remainder when 380568 is divided by 380521.
47
What is the remainder when 14426 is divided by 14316?
110
What is the remainder when 234532 is divided by 337?
317
What is the remainder when 7256932 is divided by 7256917?
15
What is the remainder when 592935 is divided by 196491?
3462
Calculate the remainder when 4221309 is divided by 1767.
1713
Calculate the remainder when 13552263 is divided by 47.
1
What is the remainder when 737056 is divided by 1852?
1812
Calculate the remainder when 160753371 is divided by 2033.
2028
What is the remainder when 2400578 is divided by 3567?
3554
What is the remainder when 5552897 is divided by 7?
0
Calculate the remainder when 5629773 is divided by 1805.
1783
Calculate the remainder when 688763 is divided by 820.
783
Calculate the remainder when 3845797 is divided by 9567.
9430
Calculate the remainder when 29003140 is divided by 89.
87
What is the remainder when 3249844 is divided by 1083278?
10
What is the remainder when 1527234 is divided by 305444?
14
Calculate the remainder when 362288 is divided by 4705.
3
Calculate the remainder when 7809353 is divided by 1123.
11
Calculate the remainder when 33771568 is divided by 783.
778
Calculate the remainder when 68507191 is divided by 81.
64
What is the remainder when 809493 is divided by 544?
21
Calculate the remainder when 510404 i